2. Let u be j(-15). Suppose -6*y = -u*y - 429. List the prime factors of y.
11, 13
Suppose 7*j - 5*j = 4*x - 18470, -3*x - 3*j + 13875 = 0. What are the prime factors of x?
2, 3, 5, 7, 11
Let r = -7665 + 15144. List the prime factors of r.
3, 277
Suppose -5*g - 370 = -1450. Let y = 421 - g. List the prime factors of y.
5, 41
Suppose 7*t + 228 = 3*t. Let o = t - -61. Suppose 551 = o*r - 85. List the prime factors of r.
3, 53
Let t be (-9)/(-36) - 15/(-4). Suppose -t*h + 560 = h. Let n = -62 + h. List the prime factors of n.
2, 5
Let d(r) = -4*r + 93. Let m be d(21). Suppose m*n - 786 = 1734. List the prime factors of n.
2, 5, 7
Let k(d) = -177*d + 89*d - 63 + 83*d. Let y be k(-12). What are the prime factors of y/(-2)*2 + (84 - 8)?
79
Let q(a) = 27*a - 2 + a**3 + 2*a**2 - 11*a + a**3 - 10*a. Let d be q(5). Suppose -5*w + d = -97. What are the prime factors of w?
5, 17
Let p = 12015 - 3419. List the prime factors of p.
2, 7, 307
Let h be (44/(-8))/((34/12)/(-17)). Suppose -417 = -f - 3*j, 30*j + 840 = 2*f + h*j. List the prime factors of f.
3, 47
Let l(t) = -117*t - 4209. List the prime factors of l(-56).
3, 11, 71
Let d(i) = 54*i**3 - i**2 + 4*i - 2. Let q be d(1). Let o = q + -52. Suppose 4*g + o*g - 1155 = 0. List the prime factors of g.
3, 5, 11
What are the prime factors of 27513/(12*6/24)?
3, 1019
Let c be (-2)/(-7) + (-1566)/42. Let h = 44 + c. Suppose h*s = -4*s + 495. List the prime factors of s.
3, 5
Suppose 5*j + 32388 = 10683 + 134355. List the prime factors of j.
2, 3, 5, 751
Let a(z) = z**3 - z**2 - 1615. Let u be (-6)/(-4)*4/(-12)*0. Let r be a(u). What are the prime factors of r/(-15) + 1*(-2)/(-6)?
2, 3
Let g(l) = 3*l - 31. Let w be g(10). Let y(t) = -15*t**3 + 3*t**2 + t - 1. What are the prime factors of y(w)?
2
Let a(r) = r**2 - 12*r - 26. Let n be -4*((-20)/8 - 1). Let g be a(n). Suppose 8*f - 4*f - y = 469, 212 = g*f + 4*y. List the prime factors of f.
2, 29
Suppose 6 = -3*x + 5*x. Suppose -x*b + 393 = -3*g, 0 = -0*g - g - b - 127. Let n = 235 + g. What are the prime factors of n?
2, 53
Let p(c) = 310*c + 12. List the prime factors of p(54).
2, 3, 349
Let c(t) = -6*t + 5. Let m(d) = 3*d - 3. Let h(s) = -3*c(s) - 7*m(s). Suppose -5*j = -2*f + 53, 15*f - 33 = 5*j + 18*f. List the prime factors of h(j).
3, 11
Let v(c) = 2*c + 11. Let d = 0 - 2. Let g be (-60)/100*30/d. List the prime factors of v(g).
29
Let m(w) = -w**2 - 4*w + 2. Let d be m(-3). Suppose -2*k + 5*c - 21 = -100, d*k - 215 = -5*c. Suppose 4*a = -22 + k. List the prime factors of a.
5
What are the prime factors of ((-54)/24)/((-6)/(-8) - (-183465)/(-244605))?
3, 23, 709
Let w = -1744 - -698. Let u = w - -1868. What are the prime factors of (u/(-5))/(-6) + (-4)/10?
3
Let q be ((-36)/8)/(1/(-58))*4. Suppose 5*n = -2*l + q, 3*l = -11*n + 6*n + 1041. List the prime factors of n.
2, 3, 5, 7
Let c(x) = 60*x + 44. Let n be c(-6). Let b = -64 - n. What are the prime factors of b?
2, 3, 7
List the prime factors of 3*8933 + 24/((-480)/(-100)).
2, 6701
Let p(l) = l**2 + l + 244. Let c be p(0). Suppose 4*a - 23 = 109. Suppose -s + c = 3*f, 5*f + 5*s - a = 377. List the prime factors of f.
3
Suppose 540 = 9*f - 12*f. Let c = 225 + f. List the prime factors of c.
3, 5
Suppose 70*d - 68*d = 8. Let v(t) = 13*t**2 - 6*t - 2. Let j be v(6). Suppose -d*l = -3*o + j, 2*o - 4*l = 102 + 182. What are the prime factors of o?
2, 73
Suppose -i = 3*i + 2*y - 1932, 3*i + 2*y = 1450. Let n = i + -279. List the prime factors of n.
7, 29
Suppose 0 = -47*s + 44*s. Suppose s = 8*z - 11*z. Suppose -t + 32 + 132 = z. What are the prime factors of t?
2, 41
Let o = 7162 + -3517. What are the prime factors of o?
3, 5
Suppose 0 = 4*v - k - 380, 2*v = 5*k - 3*k + 190. Let s = 410 - v. What are the prime factors of s?
3, 5, 7
Let v(s) = -s**3 - 9*s**2 + 2*s + 12. Let m be v(-9). Let x(i) = -i + 1. Let q be x(m). Suppose 5*c + q = 17. List the prime factors of c.
2
Let i = 31 + -34. Let p(s) = 4*s + 12. Let u be p(i). List the prime factors of u/30 + 2 + -1 + 6.
7
Let a = 79 - 34. Let p be 3*-5*(-2)/a*3. Suppose 0 = -0*f + 2*f + b - 81, -p*f + 3*b + 61 = 0. List the prime factors of f.
2, 19
Suppose 4*n = -1601 + 21. Let p = -295 - n. What are the prime factors of p?
2, 5
List the prime factors of (-11)/2*150860/(-1045).
2, 397
Suppose 3*u - 16367 = r, -2*u + 14838 = -5*r + 3944. List the prime factors of u.
3, 17, 107
Suppose 5*q + 2*u + 2159 = 0, 27*u + 421 = -q + 32*u. Suppose 2*b = -1564 + 358. Let y = q - b. What are the prime factors of y?
2, 43
Suppose 0 = -h + 7*t - 2*t + 19, -127 = -4*h + 3*t. Suppose -2*q + 483 = m + h, -4*q + 895 = 5*m. List the prime factors of q.
3, 5
Let j(z) = -2*z**2 - 43*z - 55. Let y be j(-18). Suppose y*p - 61*p - 2770 = 0. List the prime factors of p.
277
List the prime factors of -12 + 58885 - 10*10/25.
3, 31, 211
Let z be 15/2 - (-15)/(-10). Suppose z*m - 89 = 1. Suppose -2*q + 213 = -m. What are the prime factors of q?
2, 3, 19
Let g(p) = -p + 14. Let u be g(9). Suppose 2*c - 134 = -z, -u*c = 15 - 5. Let f = z - 30. What are the prime factors of f?
2, 3
Let f(p) = p**2 - 5. Suppose -5*h + 20 = -0*h. Let j be ((-12)/9)/(h/24). What are the prime factors of f(j)?
59
Let j = 2259 + -3248. Let f = j - -1965. Suppose 5*r - 1220 = -u, 0 = r + 3*r + u - f. List the prime factors of r.
2, 61
Suppose -4*w - w = -15, -5*l - 4*w = -3962. Let k = -517 + l. Let i = 516 - k. What are the prime factors of i?
3
Let k(s) = 3*s - 78. Let c be (2926/(-18))/(-7) - 2/9. Let u be k(c). List the prime factors of (-6)/(-4)*(-1248)/u.
2, 13
Let s(z) = -6*z**3 - 95*z**2 + 16*z - 24. List the prime factors of s(-21).
3, 17, 29
Suppose -18*c - 29635 + 526072 = -174693. What are the prime factors of c?
5, 7457
Suppose 0 = -4*o + 259 + 81. Let u = -80 + o. Suppose -r = u*r - 648. List the prime factors of r.
2, 3
What are the prime factors of -5667*(-4 - -3) - (-46 + 40)?
3, 31, 61
Let h = -5565 + 10210. List the prime factors of h.
5, 929
Let g(n) = -10*n + 170. Let w be g(-6). Let y = 1444 + w. List the prime factors of y.
2, 3, 31
Suppose 4*k - 527 = 233. List the prime factors of ((-30)/60)/((-1)/k).
5, 19
Suppose -2*g + 5*j = -49, 5*g + j - 37 = 18. What are the prime factors of (0 - g/(-8))*(-812)/(-6)?
7, 29
Let o(s) = -2*s**2 + 8*s - 6. Let w(m) = -6*m**2 + 24*m - 19. Let x(a) = 8*o(a) - 3*w(a). Let n(k) = 34*k - 57. Let c be n(2). List the prime factors of x(c).
163
Suppose -3*n = -5*c - 7900, n - 2628 = -296*c + 299*c. What are the prime factors of n?
2, 3, 5, 11
Let s(g) = -268*g + 88. Let k be s(-4). Suppose i + i - k = 0. List the prime factors of i.
2, 5, 29
Let c = -5856 - -17063. List the prime factors of c.
7, 1601
List the prime factors of (-6 - -2886)*(44/20 - 1).
2, 3
Let c(i) = -i**2 - 10*i - 6. Let m be c(-9). Suppose m = 3*s, 3*d - 5*s - 1539 = -578. List the prime factors of d.
2, 7, 23
Let a = -79 - -84. Suppose 0 = 5*z - 9*i + a*i - 834, 5*z - i = 846. Let q = z - 126. What are the prime factors of q?
2, 11
Let l = 38 - 38. Suppose -g = -5, l = 4*w + 2*g - 774 - 396. What are the prime factors of w?
2, 5, 29
Suppose 36*c - 1 = 35*c. Let f(h) = -142*h**2 + 1. Let n be f(c). Let g = -83 - n. List the prime factors of g.
2, 29
Suppose -4*c + 19*m = 14*m - 34852, 2*c = -m + 17412. Suppose -465*o + 472*o = c. What are the prime factors of o?
2, 311
Suppose 0 = -3*t - 1 + 13. Let k be 5 + -1 - -1*t. List the prime factors of 3/k + 19/(-8) + 138.
2, 17
Let g(b) = 18*b + b**2 - 2 - 36 + 9. List the prime factors of g(12).
331
Let w = 55841 - -10252. List the prime factors of w.
3, 22031
Let p = -19535 - -83660. List the prime factors of p.
3, 5, 19
Let h(q) = -5*q**3 - 6*q**2 + 7*q + 4. Let j = -483 - -477. What are the prime factors of h(j)?
2, 7, 59
Suppose -2*p + 5*u + 236 = 0, 3*u = p - 2*u - 118. Suppose 24*w - 22*w = p. List the prime factors of w.
59
Let t = -1812 - -820. Let j = 171 - t. What are the prime factors of j?
1163
Suppose -2*j - 3688 = 3*h - 6*h, -4*j - 3680 = -3*h. Suppose -3*p - h = -4019. Suppose 5 = -7*l + p. What are the prime factors of l?
2, 3, 11
Let g(q) = 35*q**2 + 122*q - 15. List the prime factors of g(25).
2, 5, 47, 53
Suppose 5*v = 4*v + 4*v. Suppose 0 = 4*j - 8, v = 3*k - 7*k + 5*j + 1498. List the prime factors of k.
13, 29
Let l = 44 -